inder when 1641 is divided by 33.
24
Calculate the remainder when 3361 is divided by 59.
57
Calculate the remainder when 113 is divided by 24.
17
What is the remainder when 634 is divided by 128?
122
What is the remainder when 6563 is divided by 67?
64
What is the remainder when 5528 is divided by 14?
12
Calculate the remainder when 25320 is divided by 25.
20
Calculate the remainder when 225 is divided by 57.
54
What is the remainder when 32 is divided by 7?
4
Calculate the remainder when 571 is divided by 42.
25
What is the remainder when 1943 is divided by 62?
21
What is the remainder when 204 is divided by 26?
22
What is the remainder when 89 is divided by 45?
44
What is the remainder when 21409 is divided by 106?
103
Calculate the remainder when 506 is divided by 57.
50
What is the remainder when 1612 is divided by 17?
14
What is the remainder when 5569 is divided by 199?
196
Calculate the remainder when 689 is divided by 99.
95
Calculate the remainder when 1395 is divided by 46.
15
Calculate the remainder when 268 is divided by 85.
13
Calculate the remainder when 21 is divided by 8.
5
Calculate the remainder when 760 is divided by 353.
54
What is the remainder when 1620 is divided by 23?
10
What is the remainder when 4808 is divided by 185?
183
Calculate the remainder when 190 is divided by 24.
22
What is the remainder when 7954 is divided by 18?
16
Calculate the remainder when 608 is divided by 34.
30
Calculate the remainder when 102 is divided by 47.
8
Calculate the remainder when 116 is divided by 31.
23
What is the remainder when 28 is divided by 6?
4
Calculate the remainder when 4624 is divided by 18.
16
What is the remainder when 677 is divided by 231?
215
What is the remainder when 448 is divided by 95?
68
What is the remainder when 138 is divided by 13?
8
What is the remainder when 68 is divided by 5?
3
Calculate the remainder when 328 is divided by 55.
53
Calculate the remainder when 4196 is divided by 838.
6
Calculate the remainder when 928 is divided by 438.
52
Calculate the remainder when 390 is divided by 70.
40
What is the remainder when 124 is divided by 20?
4
What is the remainder when 1369 is divided by 21?
4
Calculate the remainder when 19549 is divided by 32.
29
What is the remainder when 55 is divided by 29?
26
Calculate the remainder when 8658 is divided by 122.
118
Calculate the remainder when 84 is divided by 29.
26
Calculate the remainder when 1259 is divided by 12.
11
What is the remainder when 63 is divided by 39?
24
What is the remainder when 1454 is divided by 54?
50
What is the remainder when 219 is divided by 13?
11
What is the remainder when 563 is divided by 21?
17
Calculate the remainder when 5695 is divided by 114.
109
What is the remainder when 284 is divided by 6?
2
What is the remainder when 766 is divided by 72?
46
What is the remainder when 3402 is divided by 340?
2
Calculate the remainder when 21119 is divided by 125.
119
Calculate the remainder when 535 is divided by 83.
37
Calculate the remainder when 193 is divided by 25.
18
Calculate the remainder when 14277 is divided by 119.
116
What is the remainder when 4 is divided by 1?
0
Calculate the remainder when 26 is divided by 11.
4
What is the remainder when 151 is divided by 7?
4
What is the remainder when 1279 is divided by 13?
5
What is the remainder when 351 is divided by 37?
18
Calculate the remainder when 506 is divided by 10.
6
What is the remainder when 194 is divided by 9?
5
Calculate the remainder when 1419 is divided by 356.
351
Calculate the remainder when 1625 is divided by 10.
5
What is the remainder when 170 is divided by 7?
2
What is the remainder when 2234 is divided by 26?
24
Calculate the remainder when 335 is divided by 20.
15
What is the remainder when 473 is divided by 80?
73
What is the remainder when 211 is divided by 204?
7
Calculate the remainder when 60 is divided by 23.
14
What is the remainder when 1273 is divided by 71?
66
What is the remainder when 200 is divided by 26?
18
Calculate the remainder when 14514 is divided by 24.
18
Calculate the remainder when 248 is divided by 116.
16
Calculate the remainder when 103 is divided by 72.
31
What is the remainder when 146 is divided by 66?
14
What is the remainder when 282 is divided by 34?
10
Calculate the remainder when 4478 is divided by 27.
23
Calculate the remainder when 865 is divided by 23.
14
Calculate the remainder when 338 is divided by 124.
90
Calculate the remainder when 8734 is divided by 26.
24
What is the remainder when 280 is divided by 48?
40
Calculate the remainder when 69 is divided by 29.
11
What is the remainder when 200 is divided by 79?
42
Calculate the remainder when 176 is divided by 45.
41
What is the remainder when 956 is divided by 24?
20
Calculate the remainder when 173 is divided by 4.
1
Calculate the remainder when 549 is divided by 31.
22
Calculate the remainder when 1317 is divided by 88.
85
Calculate the remainder when 230 is divided by 50.
30
What is the remainder when 473 is divided by 76?
17
What is the remainder when 3345 is divided by 36?
33
What is the remainder when 388 is divided by 15?
13
Calculate the remainder when 970 is divided by 6.
4
What is the remainder when 1720 is divided by 808?
104
What is the remainder when 138 is divided by 22?
6
What is the remainder when 703 is divided by 43?
15
What is the remainder when 1287 is divided by 76?
71
Calculate the remainder when 181 is divided by 63.
55
What is the remainder when 259 is divided by 40?
19
Calculate the remainder when 158 is divided by 16.
14
What is the remainder when 433 is divided by 15?
13
Calculate the remainder when 486 is divided by 70.
66
What is the remainder when 108 is divided by 20?
8
What is the remainder when 746 is divided by 10?
6
Calculate the remainder when 47 is divided by 10.
7
What is the remainder when 117 is divided by 53?
11
Calculate the remainder when 96 is divided by 47.
2
What is the remainder when 6346 is divided by 227?
217
What is the remainder when 527 is divided by 44?
43
What is the remainder when 6526 is divided by 48?
46
What is the remainder when 69 is divided by 39?
30
Calculate the remainder when 10763 is divided by 69.
68
What is the remainder when 770 is divided by 20?
10
Calculate the remainder when 23 is divided by 16.
7
Calculate the remainder when 71 is divided by 9.
8
What is the remainder when 89 is divided by 12?
5
What is the remainder when 889 is divided by 38?
15
What is the remainder when 31 is divided by 4?
3
What is the remainder when 730 is divided by 40?
10
What is the remainder when 137 is divided by 117?
20
What is the remainder when 207 is divided by 59?
30
What is the remainder when 96 is divided by 28?
12
What is the remainder when 3996 is divided by 26?
18
What is the remainder when 171 is divided by 128?
43
What is the remainder when 40 is divided by 32?
8
What is the remainder when 1323 is divided by 17?
14
What is the remainder when 386 is divided by 243?
143
What is the remainder when 9219 is divided by 174?
171
Calculate the remainder when 123 is divided by 55.
13
Calculate the remainder when 66 is divided by 34.
32
What is the remainder when 147 is divided by 17?
11
What is the remainder when 262 is divided by 122?
18
What is the remainder when 185 is divided by 98?
87
Calculate the remainder when 35 is divided by 14.
7
Calculate the remainder when 47 is divided by 6.
5
Calculate the remainder when 5210 is divided by 260.
10
What is the remainder when 121 is divided by 40?
1
Calculate the remainder when 216 is divided by 19.
7
What is the remainder when 3 is divided by 1?
0
Calculate the remainder when 310 is divided by 144.
22
Calculate the remainder when 744 is divided by 355.
34
Calculate the remainder when 205 is divided by 52.
49
Calculate the remainder when 119 is divided by 12.
11
Calculate the remainder when 2083 is divided by 14.
11
What is the remainder when 351 is divided by 65?
26
Calculate the remainder when 234 is divided by 15.
9
What is the remainder when 622 is divided by 235?
152
Calculate the remainder when 128834 is divided by 124.
122
Calculate the remainder when 56 is divided by 38.
18
What is the remainder when 246 is divided by 42?
36
What is the remainder when 312 is divided 